{"id":897,"date":"2022-05-08T21:25:11","date_gmt":"2022-05-08T19:25:11","guid":{"rendered":"https:\/\/calandreta.establiment.fr\/becarut\/?page_id=897"},"modified":"2023-07-21T10:00:48","modified_gmt":"2023-07-21T08:00:48","slug":"les-animations","status":"publish","type":"page","link":"https:\/\/becarut.establiment.fr\/?page_id=897","title":{"rendered":"Animacions a venir"},"content":{"rendered":"\t\t<div data-elementor-type=\"wp-page\" data-elementor-id=\"897\" class=\"elementor elementor-897\">\n\t\t\t\t\t\t<section class=\"elementor-section elementor-top-section elementor-element elementor-element-0a2ed78 elementor-section-boxed elementor-section-height-default elementor-section-height-default\" data-id=\"0a2ed78\" data-element_type=\"section\">\n\t\t\t\t\t\t<div class=\"elementor-container elementor-column-gap-default\">\n\t\t\t\t\t<div class=\"elementor-column elementor-col-100 elementor-top-column elementor-element elementor-element-8efe9cd\" data-id=\"8efe9cd\" data-element_type=\"column\">\n\t\t\t<div class=\"elementor-widget-wrap elementor-element-populated\">\n\t\t\t\t\t\t\t<\/div>\n\t\t<\/div>\n\t\t\t\t\t<\/div>\n\t\t<\/section>\n\t\t\t\t<section class=\"elementor-section elementor-top-section elementor-element elementor-element-1577f6d elementor-section-boxed elementor-section-height-default elementor-section-height-default\" data-id=\"1577f6d\" data-element_type=\"section\">\n\t\t\t\t\t\t<div class=\"elementor-container elementor-column-gap-default\">\n\t\t\t\t\t<div class=\"elementor-column elementor-col-100 elementor-top-column elementor-element elementor-element-13ac695\" data-id=\"13ac695\" data-element_type=\"column\">\n\t\t\t<div class=\"elementor-widget-wrap elementor-element-populated\">\n\t\t\t\t\t\t<div class=\"elementor-element elementor-element-d671354 elementor-widget elementor-widget-text-editor\" data-id=\"d671354\" data-element_type=\"widget\" data-widget_type=\"text-editor.default\">\n\t\t\t\t<div class=\"elementor-widget-container\">\n\t\t\t\t\t\t\t<h4>Les festivit\u00e9s de l&rsquo;\u00e9t\u00e9<\/h4><p>Tout l&rsquo;\u00e9t\u00e9 l&rsquo;association participera \u00e0 diff\u00e9rents \u00e9v\u00e8nements :<\/p><p>-Les feux de la Saint Jean.<\/p><p>-Le festirock de Sigean, le 22 juillet.<\/p><p>-La f\u00eate du quartier m\u00e9di\u00e9val de Sigean, le 05 a\u00f4ut.<\/p><p>-La feria de B\u00e9ziers du 10 au 15 a\u00f4ut. En collaboration avec d&rsquo;autres calandretas. Dans le cadre de l&rsquo;association Lo Cam\u00e8l de Fu\u00f2c.<\/p>\t\t\t\t\t\t<\/div>\n\t\t\t\t<\/div>\n\t\t\t\t\t<\/div>\n\t\t<\/div>\n\t\t\t\t\t<\/div>\n\t\t<\/section>\n\t\t\t\t<section class=\"elementor-section elementor-top-section elementor-element elementor-element-3d8a469 elementor-section-boxed elementor-section-height-default elementor-section-height-default\" data-id=\"3d8a469\" data-element_type=\"section\">\n\t\t\t\t\t\t<div class=\"elementor-container elementor-column-gap-default\">\n\t\t\t\t\t<div class=\"elementor-column elementor-col-33 elementor-top-column elementor-element elementor-element-fe4bb2b\" data-id=\"fe4bb2b\" data-element_type=\"column\">\n\t\t\t<div class=\"elementor-widget-wrap elementor-element-populated\">\n\t\t\t\t\t\t<div class=\"elementor-element elementor-element-fa03a16 elementor-widget elementor-widget-image\" data-id=\"fa03a16\" data-element_type=\"widget\" data-widget_type=\"image.default\">\n\t\t\t\t<div class=\"elementor-widget-container\">\n\t\t\t\t\t\t\t\t\t\t\t\t\t<img fetchpriority=\"high\" decoding=\"async\" width=\"724\" height=\"1024\" src=\"https:\/\/becarut.establiment.fr\/wp-content\/uploads\/2023\/05\/Lo-FUOC-DE-St-JOAN-2023-partenariat-Sigean.jpg\" class=\"attachment-large size-large wp-image-1861\" alt=\"Lo FU\u00d2C De St JOAN - 2023 partenariat Sigean\" \/>\t\t\t\t\t\t\t\t\t\t\t\t\t<\/div>\n\t\t\t\t<\/div>\n\t\t\t\t\t<\/div>\n\t\t<\/div>\n\t\t\t\t<div class=\"elementor-column elementor-col-33 elementor-top-column elementor-element elementor-element-4dee0cd\" data-id=\"4dee0cd\" data-element_type=\"column\">\n\t\t\t<div class=\"elementor-widget-wrap elementor-element-populated\">\n\t\t\t\t\t\t<div class=\"elementor-element elementor-element-930fd4f elementor-widget elementor-widget-image\" data-id=\"930fd4f\" data-element_type=\"widget\" data-widget_type=\"image.default\">\n\t\t\t\t<div class=\"elementor-widget-container\">\n\t\t\t\t\t\t\t\t\t\t\t\t\t<img decoding=\"async\" width=\"726\" height=\"1024\" src=\"https:\/\/becarut.establiment.fr\/wp-content\/uploads\/2023\/07\/Festirock-22-juillet-2023-Sigean-Calandreta-Lo-Becarut.jpg\" class=\"attachment-large size-large wp-image-1994\" alt=\"Festirock 22 juillet 2023 Sigean Calandreta Lo Becarut\" \/>\t\t\t\t\t\t\t\t\t\t\t\t\t<\/div>\n\t\t\t\t<\/div>\n\t\t\t\t\t<\/div>\n\t\t<\/div>\n\t\t\t\t<div class=\"elementor-column elementor-col-33 elementor-top-column elementor-element elementor-element-7909e4f\" data-id=\"7909e4f\" data-element_type=\"column\">\n\t\t\t<div class=\"elementor-widget-wrap elementor-element-populated\">\n\t\t\t\t\t\t<div class=\"elementor-element elementor-element-f89ef6c elementor-widget elementor-widget-image\" data-id=\"f89ef6c\" data-element_type=\"widget\" data-widget_type=\"image.default\">\n\t\t\t\t<div class=\"elementor-widget-container\">\n\t\t\t\t\t\t\t\t\t\t\t\t\t<img decoding=\"async\" width=\"736\" height=\"1024\" src=\"https:\/\/becarut.establiment.fr\/wp-content\/uploads\/2023\/07\/Affiche-du-Village-Occitan-de-la-Feria-de-Beziers-avec-Lo-Camel-De-Fuoc.jpg\" class=\"attachment-large size-large wp-image-1990\" alt=\"Affiche du Village Occitan de la F\u00e9ria de B\u00e9ziers avec Lo Camel De Fuoc\" \/>\t\t\t\t\t\t\t\t\t\t\t\t\t<\/div>\n\t\t\t\t<\/div>\n\t\t\t\t\t<\/div>\n\t\t<\/div>\n\t\t\t\t\t<\/div>\n\t\t<\/section>\n\t\t\t\t<section class=\"elementor-section elementor-top-section elementor-element elementor-element-4d4fcad elementor-section-boxed elementor-section-height-default elementor-section-height-default\" data-id=\"4d4fcad\" data-element_type=\"section\">\n\t\t\t\t\t\t<div class=\"elementor-container elementor-column-gap-default\">\n\t\t\t\t\t<div class=\"elementor-column elementor-col-66 elementor-top-column elementor-element elementor-element-3d173e7\" data-id=\"3d173e7\" data-element_type=\"column\">\n\t\t\t<div class=\"elementor-widget-wrap elementor-element-populated\">\n\t\t\t\t\t\t<div class=\"elementor-element elementor-element-947f59a elementor-widget elementor-widget-text-editor\" data-id=\"947f59a\" data-element_type=\"widget\" data-widget_type=\"text-editor.default\">\n\t\t\t\t<div class=\"elementor-widget-container\">\n\t\t\t\t\t\t\t<h4>Vides greniers<\/h4><p>Tout au long de l&rsquo;ann\u00e9e la calandreta organise des vides greniers. Moment de convivialit\u00e9 incroyable le vide grenier de la Calandreta Lo Becarut vous accueille quelques dimanches ensoleill\u00e9s&#8230; Si, j&rsquo;ai bien dit (\u00e9crit en v\u00e9rit\u00e9) ensoleill\u00e9s ! Senior M\u00e9t\u00e9o \u00e0 parl\u00e9 ! Carlos pardonne moi cette blague douteuse&#8230; Et profite en pour nous faire parvenir ta joie de vivre !<\/p><p>Et par piti\u00e9 prends contact avec la tramontana&#8230; pour lui dire qu&rsquo;elle aille souffler plus loin !<\/p><p>En plus des choses toutes plus int\u00e9ressantes \u00e0 chiner il vous sera propos\u00e9 quelques nourritures et boissons. Il faut bien huiler la machine sinon \u00e7a grince.<\/p><p>Si par hasard vous \u00eates exposants et que vous souhaitez participer et d\u00e9baller vos merveilles il suffit de nous contacter au 06 60 12 38 14. Si possible entre minuit et quatre heure du mat&rsquo;&#8230; Heuu&#8230; C&rsquo;est une blague vous l&rsquo;avez devin\u00e9 ! Bien entendu \u00e0 des horaires normaux de bureau ou de chantier de ma\u00e7onnerie, voire de vie courante. En gros on ne t\u00e9l\u00e9phone pas entre 08H00 du soir et et 08H00 du matin. Logique. Sauf si vous voulez appeler les pompiers&#8230; Auquel cas le num\u00e9ro c&rsquo;est le 18.\u00a0<\/p><p>La saison des vides greniers de la calandreta est termin\u00e9e pour cette ann\u00e9e scolaire, elle fait place aux festivit\u00e9s de l&rsquo;\u00e9t\u00e9.<\/p>\t\t\t\t\t\t<\/div>\n\t\t\t\t<\/div>\n\t\t\t\t\t<\/div>\n\t\t<\/div>\n\t\t\t\t<div class=\"elementor-column elementor-col-33 elementor-top-column elementor-element elementor-element-7ce2a40\" data-id=\"7ce2a40\" data-element_type=\"column\">\n\t\t\t<div class=\"elementor-widget-wrap elementor-element-populated\">\n\t\t\t\t\t\t<div class=\"elementor-element elementor-element-988aaf7 elementor-widget elementor-widget-image\" data-id=\"988aaf7\" data-element_type=\"widget\" data-widget_type=\"image.default\">\n\t\t\t\t<div class=\"elementor-widget-container\">\n\t\t\t\t\t\t\t\t\t\t\t\t\t<img loading=\"lazy\" decoding=\"async\" width=\"762\" height=\"1024\" src=\"https:\/\/becarut.establiment.fr\/wp-content\/uploads\/2023\/05\/affiche-vide-grenier-04-juin.jpg\" class=\"attachment-large size-large wp-image-1828\" alt=\"affiche vide grenier 04 juin\" \/>\t\t\t\t\t\t\t\t\t\t\t\t\t<\/div>\n\t\t\t\t<\/div>\n\t\t\t\t\t<\/div>\n\t\t<\/div>\n\t\t\t\t\t<\/div>\n\t\t<\/section>\n\t\t\t\t<section class=\"elementor-section elementor-top-section elementor-element elementor-element-494c07b elementor-section-boxed elementor-section-height-default elementor-section-height-default\" data-id=\"494c07b\" data-element_type=\"section\">\n\t\t\t\t\t\t<div class=\"elementor-container elementor-column-gap-default\">\n\t\t\t\t\t<div class=\"elementor-column elementor-col-50 elementor-top-column elementor-element elementor-element-3458cc2\" data-id=\"3458cc2\" data-element_type=\"column\">\n\t\t\t<div class=\"elementor-widget-wrap elementor-element-populated\">\n\t\t\t\t\t\t<div class=\"elementor-element elementor-element-7893fee elementor-widget elementor-widget-text-editor\" data-id=\"7893fee\" data-element_type=\"widget\" data-widget_type=\"text-editor.default\">\n\t\t\t\t<div class=\"elementor-widget-container\">\n\t\t\t\t\t\t\t<h4>Loto del Becarut<\/h4><p>C&rsquo;est bien s\u00fbr au Foyer des Campagnes de Roquefort des Corbi\u00e8res qu&rsquo;aura lieu cet \u00e9v\u00e8nement m\u00e9morable. Si ! M\u00e9morable. Puisque c&rsquo;est justement ce jour l\u00e0 que vous comptez bien rafler la mise !<\/p><p>Loto bilingue fran\u00e7ais\/occitan. Bah&#8230; Si&#8230; Sinon c&rsquo;est pas marrant. Un loto dans le sud sans l&rsquo;accent&#8230; C&rsquo;est plus un loto ! Dans le Sud \u00e9videmment. Isn&rsquo;t it ?<\/p><p>Et puis c&rsquo;est une bonne fa\u00e7on, originale je crois, de faire d\u00e9couvrir ou red\u00e9couvrir notre langue. Laquelle ? Bonne question.<\/p><p>Hi ! Hi ! Hi ! \u00c7a sent l&rsquo;animation de fou. Je pense qu&rsquo;on va bien s&rsquo;amuser.<\/p><p>Ouverture des portes \u00e0 12H00. Le loto commence \u00e0 15H00.<\/p>\t\t\t\t\t\t<\/div>\n\t\t\t\t<\/div>\n\t\t\t\t\t<\/div>\n\t\t<\/div>\n\t\t\t\t<div class=\"elementor-column elementor-col-50 elementor-top-column elementor-element elementor-element-3f34fe8\" data-id=\"3f34fe8\" data-element_type=\"column\">\n\t\t\t<div class=\"elementor-widget-wrap elementor-element-populated\">\n\t\t\t\t\t\t<div class=\"elementor-element elementor-element-8f57359 elementor-widget elementor-widget-image\" data-id=\"8f57359\" data-element_type=\"widget\" data-widget_type=\"image.default\">\n\t\t\t\t<div class=\"elementor-widget-container\">\n\t\t\t\t\t\t\t\t\t\t\t\t\t<img loading=\"lazy\" decoding=\"async\" width=\"724\" height=\"1024\" src=\"https:\/\/becarut.establiment.fr\/wp-content\/uploads\/2023\/03\/loto-de-la-Calandreta.jpg\" class=\"attachment-large size-large wp-image-1607\" alt=\"loto de la Calandreta\" \/>\t\t\t\t\t\t\t\t\t\t\t\t\t<\/div>\n\t\t\t\t<\/div>\n\t\t\t\t\t<\/div>\n\t\t<\/div>\n\t\t\t\t\t<\/div>\n\t\t<\/section>\n\t\t\t\t<section class=\"elementor-section elementor-top-section elementor-element elementor-element-dd0f127 elementor-section-boxed elementor-section-height-default elementor-section-height-default\" data-id=\"dd0f127\" data-element_type=\"section\">\n\t\t\t\t\t\t<div class=\"elementor-container elementor-column-gap-default\">\n\t\t\t\t\t<div class=\"elementor-column elementor-col-50 elementor-top-column elementor-element elementor-element-3f4502d\" data-id=\"3f4502d\" data-element_type=\"column\">\n\t\t\t<div class=\"elementor-widget-wrap elementor-element-populated\">\n\t\t\t\t\t\t<div class=\"elementor-element elementor-element-13c0069 elementor-widget elementor-widget-text-editor\" data-id=\"13c0069\" data-element_type=\"widget\" data-widget_type=\"text-editor.default\">\n\t\t\t\t<div class=\"elementor-widget-container\">\n\t\t\t\t\t\t\t<h4>Portes Ouvertes<\/h4><p>Moment indispensable de la vie de l&rsquo;\u00e9cole, la Calandreta Lo Becarut organise ses prochaines portes ouvertes.<\/p><p>Vous \u00eates parents, vous voulez d\u00e9couvrir notre \u00e9cole, venez nous rencontrer. Les portes ouvertes sont une occasion de venir \u00e0 la rencontre de l&rsquo;\u00e9quipe p\u00e9dagogique et de l&rsquo;\u00e9quipe associative.\u00a0 Ainsi que de d\u00e9couvrir la p\u00e9dagogie Calandreta, une p\u00e9dagogie bienveillante et \u00e0 l&rsquo;\u00e9coute des besoins de l&rsquo;enfant.\u00a0<\/p><p>L&rsquo;apprentissage de l&rsquo;Occitan en immersion repr\u00e9sente une belle opportunit\u00e9 d&rsquo;initiation des plus petits aux langues \u00e9trang\u00e8res et \u00e0 la culture occitane.<\/p><p>L&rsquo;\u00e9cole accueille les enfants \u00e0 partir de la TPS de maternelle (2 ans), jusqu&rsquo;au CM2, en petit effectif.<\/p><p>Bien entendu vous pouvez nous contacter en dehors de ces temps privil\u00e9gi\u00e9s. Par exemple sur une de nos animations. Ou lors des journ\u00e9es des associations organis\u00e9es par la commune de Sigean. Dans tous les cas notre contact est juste en bas de cette page.<\/p>\t\t\t\t\t\t<\/div>\n\t\t\t\t<\/div>\n\t\t\t\t\t<\/div>\n\t\t<\/div>\n\t\t\t\t<div class=\"elementor-column elementor-col-50 elementor-top-column elementor-element elementor-element-61a7470\" data-id=\"61a7470\" data-element_type=\"column\">\n\t\t\t<div class=\"elementor-widget-wrap elementor-element-populated\">\n\t\t\t\t\t\t<div class=\"elementor-element elementor-element-6037036 elementor-widget elementor-widget-image\" data-id=\"6037036\" data-element_type=\"widget\" data-widget_type=\"image.default\">\n\t\t\t\t<div class=\"elementor-widget-container\">\n\t\t\t\t\t\t\t\t\t\t\t\t\t<img loading=\"lazy\" decoding=\"async\" width=\"724\" height=\"1024\" src=\"https:\/\/becarut.establiment.fr\/wp-content\/uploads\/2023\/05\/IMG-20230530-WA0009.jpg\" class=\"attachment-large size-large wp-image-1871\" alt=\"portes ouvertes Lo Becarut\" \/>\t\t\t\t\t\t\t\t\t\t\t\t\t<\/div>\n\t\t\t\t<\/div>\n\t\t\t\t\t<\/div>\n\t\t<\/div>\n\t\t\t\t\t<\/div>\n\t\t<\/section>\n\t\t\t\t<\/div>\n\t\t","protected":false},"excerpt":{"rendered":"<p>Les festivit\u00e9s de l&rsquo;\u00e9t\u00e9 Tout l&rsquo;\u00e9t\u00e9 l&rsquo;association participera \u00e0 diff\u00e9rents \u00e9v\u00e8nements : -Les feux de la Saint Jean. -Le festirock de Sigean, le 22 juillet. -La f\u00eate du quartier m\u00e9di\u00e9val de Sigean, le 05 a\u00f4ut. -La feria de B\u00e9ziers du 10 au 15 a\u00f4ut. En collaboration avec d&rsquo;autres calandretas. Dans le cadre de l&rsquo;association Lo&hellip;&nbsp;<a href=\"https:\/\/becarut.establiment.fr\/?page_id=897\" class=\"\" rel=\"bookmark\">Lire la suite &raquo;<span class=\"screen-reader-text\">Animacions a venir<\/span><\/a><\/p>\n","protected":false},"author":2,"featured_media":0,"parent":0,"menu_order":0,"comment_status":"closed","ping_status":"closed","template":"","meta":{"neve_meta_sidebar":"","neve_meta_container":"","neve_meta_enable_content_width":"","neve_meta_content_width":0,"neve_meta_title_alignment":"","neve_meta_author_avatar":"","neve_post_elements_order":"","neve_meta_disable_header":"","neve_meta_disable_footer":"","neve_meta_disable_title":"","footnotes":""},"class_list":["post-897","page","type-page","status-publish","hentry"],"_links":{"self":[{"href":"https:\/\/becarut.establiment.fr\/index.php?rest_route=\/wp\/v2\/pages\/897"}],"collection":[{"href":"https:\/\/becarut.establiment.fr\/index.php?rest_route=\/wp\/v2\/pages"}],"about":[{"href":"https:\/\/becarut.establiment.fr\/index.php?rest_route=\/wp\/v2\/types\/page"}],"author":[{"embeddable":true,"href":"https:\/\/becarut.establiment.fr\/index.php?rest_route=\/wp\/v2\/users\/2"}],"replies":[{"embeddable":true,"href":"https:\/\/becarut.establiment.fr\/index.php?rest_route=%2Fwp%2Fv2%2Fcomments&post=897"}],"version-history":[{"count":193,"href":"https:\/\/becarut.establiment.fr\/index.php?rest_route=\/wp\/v2\/pages\/897\/revisions"}],"predecessor-version":[{"id":2000,"href":"https:\/\/becarut.establiment.fr\/index.php?rest_route=\/wp\/v2\/pages\/897\/revisions\/2000"}],"wp:attachment":[{"href":"https:\/\/becarut.establiment.fr\/index.php?rest_route=%2Fwp%2Fv2%2Fmedia&parent=897"}],"curies":[{"name":"wp","href":"https:\/\/api.w.org\/{rel}","templated":true}]}}