{"id":509,"date":"2021-06-11T15:45:10","date_gmt":"2021-06-11T13:45:10","guid":{"rendered":"https:\/\/calandreta.establiment.fr\/becarut\/?page_id=509"},"modified":"2022-05-08T21:15:53","modified_gmt":"2022-05-08T19:15:53","slug":"listoria","status":"publish","type":"page","link":"https:\/\/becarut.establiment.fr\/?page_id=509","title":{"rendered":"L&rsquo;ist\u00f2ria"},"content":{"rendered":"\t\t<div data-elementor-type=\"wp-page\" data-elementor-id=\"509\" class=\"elementor elementor-509\">\n\t\t\t\t\t\t<section class=\"elementor-section elementor-top-section elementor-element elementor-element-07e0f24 elementor-section-boxed elementor-section-height-default elementor-section-height-default\" data-id=\"07e0f24\" data-element_type=\"section\">\n\t\t\t\t\t\t<div class=\"elementor-container elementor-column-gap-default\">\n\t\t\t\t\t<div class=\"elementor-column elementor-col-100 elementor-top-column elementor-element elementor-element-f1dff8d\" data-id=\"f1dff8d\" data-element_type=\"column\">\n\t\t\t<div class=\"elementor-widget-wrap elementor-element-populated\">\n\t\t\t\t\t\t<div class=\"elementor-element elementor-element-560da78 elementor-widget elementor-widget-heading\" data-id=\"560da78\" data-element_type=\"widget\" data-widget_type=\"heading.default\">\n\t\t\t\t<div class=\"elementor-widget-container\">\n\t\t\t<h2 class=\"elementor-heading-title elementor-size-default\">Association Calandreta Lo Becarut<\/h2>\t\t<\/div>\n\t\t\t\t<\/div>\n\t\t\t\t\t<\/div>\n\t\t<\/div>\n\t\t\t\t\t<\/div>\n\t\t<\/section>\n\t\t\t\t<section class=\"elementor-section elementor-top-section elementor-element elementor-element-1ab35a0 elementor-section-boxed elementor-section-height-default elementor-section-height-default\" data-id=\"1ab35a0\" data-element_type=\"section\">\n\t\t\t\t\t\t<div class=\"elementor-container elementor-column-gap-default\">\n\t\t\t\t\t<div class=\"elementor-column elementor-col-50 elementor-top-column elementor-element elementor-element-aaabd75\" data-id=\"aaabd75\" data-element_type=\"column\">\n\t\t\t<div class=\"elementor-widget-wrap elementor-element-populated\">\n\t\t\t\t\t\t<div class=\"elementor-element elementor-element-a89293f elementor-widget elementor-widget-text-editor\" data-id=\"a89293f\" data-element_type=\"widget\" data-widget_type=\"text-editor.default\">\n\t\t\t\t<div class=\"elementor-widget-container\">\n\t\t\t\t\t\t\t<h2>Une \u00e9cole pour promouvoir et faire vivre la culture et la langue Occitane dans le canton de Sigean<\/h2><p class=\"Standard\">En 2005, J.F. Joulia et P. Abeill\u00e9 portent le projet d\u2019ouvrir une \u00e9cole Calandreta sur la commune de Sigean. Ensemble, ils r\u00e9ussissent \u00e0 convaincre de l\u2019int\u00e9r\u00eat de l\u2019implantation de la Calandreta dans le canton de Sigean. La municipalit\u00e9 de l\u2019\u00e9poque soutiendra le projet et mettra les locaux inoccup\u00e9s de l\u2019ancienne \u00e9cole des gar\u00e7ons \u00e0 la disposition de la nouvelle \u00e9cole.<\/p><p class=\"Standard\">Ainsi, en septembre 2006, la Calandreta Sijanota ouvre pour la premi\u00e8re fois ses portes et accueille une dizaine d\u2019enfants. J.F. Joulia prendra la direction de l\u2019\u00e9cole jusqu\u2019en 2011, second\u00e9 par P. Abeill\u00e9 qui en prendra la Pr\u00e9sidence.<\/p><p class=\"Standard\">Forte de son succ\u00e8s, la Calandreta Sijanota n\u2019aura de cesse d\u2019augmenter ses effectifs jusqu\u2019\u00e0 atteindre 29 enfants \u00e0 la rentr\u00e9e 2012-2013.<\/p><p class=\"Standard\">En 2012, la Calandreta Sijanota \u00e9volue et devient Lo Becarut (Flamant Rose)<\/p><p class=\"Standard\">Lo Becarut fonctionne en classe unique et accueille les enfants d\u00e8s l\u2019\u00e2ge de 2 ans de la tr\u00e8s petite section de maternelle au CM2.<\/p>\t\t\t\t\t\t<\/div>\n\t\t\t\t<\/div>\n\t\t\t\t\t<\/div>\n\t\t<\/div>\n\t\t\t\t<div class=\"elementor-column elementor-col-50 elementor-top-column elementor-element elementor-element-fe78a49\" data-id=\"fe78a49\" data-element_type=\"column\">\n\t\t\t<div class=\"elementor-widget-wrap elementor-element-populated\">\n\t\t\t\t\t\t<div class=\"elementor-element elementor-element-dc93bb1 elementor-widget elementor-widget-image\" data-id=\"dc93bb1\" data-element_type=\"widget\" data-widget_type=\"image.default\">\n\t\t\t\t<div class=\"elementor-widget-container\">\n\t\t\t\t\t\t\t\t\t\t\t\t\t<img fetchpriority=\"high\" decoding=\"async\" width=\"1020\" height=\"1024\" src=\"https:\/\/becarut.establiment.fr\/wp-content\/uploads\/2022\/05\/pelican-seul-01.png\" class=\"attachment-large size-large wp-image-890\" alt=\"\" \/>\t\t\t\t\t\t\t\t\t\t\t\t\t<\/div>\n\t\t\t\t<\/div>\n\t\t\t\t\t<\/div>\n\t\t<\/div>\n\t\t\t\t\t<\/div>\n\t\t<\/section>\n\t\t\t\t<section class=\"elementor-section elementor-top-section elementor-element elementor-element-f27c8cf elementor-section-boxed elementor-section-height-default elementor-section-height-default\" data-id=\"f27c8cf\" data-element_type=\"section\">\n\t\t\t\t\t\t<div class=\"elementor-container elementor-column-gap-default\">\n\t\t\t\t\t<div class=\"elementor-column elementor-col-100 elementor-top-column elementor-element elementor-element-0da5d7e\" data-id=\"0da5d7e\" data-element_type=\"column\">\n\t\t\t<div class=\"elementor-widget-wrap elementor-element-populated\">\n\t\t\t\t\t\t<div class=\"elementor-element elementor-element-6ac5531 elementor-widget elementor-widget-text-editor\" data-id=\"6ac5531\" data-element_type=\"widget\" data-widget_type=\"text-editor.default\">\n\t\t\t\t<div class=\"elementor-widget-container\">\n\t\t\t\t\t\t\t<h2>Une association au service de l&rsquo;\u00e9cole<\/h2><p>L&rsquo;\u00e9cole est port\u00e9e par une association \u00e9ponyme compos\u00e9e de l&rsquo;ensemble des parents d&rsquo;\u00e9l\u00e8ves et de l&rsquo;\u00e9quipe p\u00e9dagogique.<\/p><p>L&rsquo;association g\u00e8re, finance et administre la vie de l&rsquo;\u00e9cole. La commune de Sigean met les locaux \u00e0 disposition de l&rsquo;\u00e9cole, l&rsquo;Education Nationale assure le salaire de la Regenta. L&rsquo;ensemble du reste \u00e0 charge \u00e9tant de la responsabilit\u00e9 de l&rsquo;association.<\/p><p>Ainsi, l&rsquo;association organise tout au long de l&rsquo;ann\u00e9e, des \u00e9v\u00e9nements et manifestations ayant pour objectif:<\/p><ul><li>la promotion et le d\u00e9veloppement de la notori\u00e9t\u00e9 de l&rsquo;\u00e9cole<\/li><li>la r\u00e9colte de financement\u00a0<\/li><\/ul><p>L&rsquo;association fait partie int\u00e9grante de la vie de l&rsquo;\u00e9cole. Chaque parent d&rsquo;\u00e9l\u00e8ve participe activement et est impliqu\u00e9 dans les prises de d\u00e9cisions. Chacun apporte ses comp\u00e9tences et ses savoir-faire permettant de d\u00e9velopper et faire \u00e9voluer l&rsquo;\u00e9cole au quotidien.<\/p>\t\t\t\t\t\t<\/div>\n\t\t\t\t<\/div>\n\t\t\t\t\t<\/div>\n\t\t<\/div>\n\t\t\t\t\t<\/div>\n\t\t<\/section>\n\t\t\t\t<\/div>\n\t\t","protected":false},"excerpt":{"rendered":"<p>Association Calandreta Lo Becarut Une \u00e9cole pour promouvoir et faire vivre la culture et la langue Occitane dans le canton de Sigean En 2005, J.F. Joulia et P. Abeill\u00e9 portent le projet d\u2019ouvrir une \u00e9cole Calandreta sur la commune de Sigean. Ensemble, ils r\u00e9ussissent \u00e0 convaincre de l\u2019int\u00e9r\u00eat de l\u2019implantation de la Calandreta dans le&hellip;&nbsp;<a href=\"https:\/\/becarut.establiment.fr\/?page_id=509\" class=\"\" rel=\"bookmark\">Lire la suite &raquo;<span class=\"screen-reader-text\">L&rsquo;ist\u00f2ria<\/span><\/a><\/p>\n","protected":false},"author":2,"featured_media":0,"parent":0,"menu_order":0,"comment_status":"closed","ping_status":"closed","template":"","meta":{"neve_meta_sidebar":"","neve_meta_container":"","neve_meta_enable_content_width":"","neve_meta_content_width":0,"neve_meta_title_alignment":"","neve_meta_author_avatar":"","neve_post_elements_order":"","neve_meta_disable_header":"","neve_meta_disable_footer":"","neve_meta_disable_title":"","footnotes":""},"class_list":["post-509","page","type-page","status-publish","hentry"],"_links":{"self":[{"href":"https:\/\/becarut.establiment.fr\/index.php?rest_route=\/wp\/v2\/pages\/509"}],"collection":[{"href":"https:\/\/becarut.establiment.fr\/index.php?rest_route=\/wp\/v2\/pages"}],"about":[{"href":"https:\/\/becarut.establiment.fr\/index.php?rest_route=\/wp\/v2\/types\/page"}],"author":[{"embeddable":true,"href":"https:\/\/becarut.establiment.fr\/index.php?rest_route=\/wp\/v2\/users\/2"}],"replies":[{"embeddable":true,"href":"https:\/\/becarut.establiment.fr\/index.php?rest_route=%2Fwp%2Fv2%2Fcomments&post=509"}],"version-history":[{"count":16,"href":"https:\/\/becarut.establiment.fr\/index.php?rest_route=\/wp\/v2\/pages\/509\/revisions"}],"predecessor-version":[{"id":893,"href":"https:\/\/becarut.establiment.fr\/index.php?rest_route=\/wp\/v2\/pages\/509\/revisions\/893"}],"wp:attachment":[{"href":"https:\/\/becarut.establiment.fr\/index.php?rest_route=%2Fwp%2Fv2%2Fmedia&parent=509"}],"curies":[{"name":"wp","href":"https:\/\/api.w.org\/{rel}","templated":true}]}}